 + 5*a. Suppose 0 = -4*d + 3*v + 9, 2*v + v = -d - 9. Give l(d).
-2
Let g(v) = 4*v + 1. Suppose -2*c + 7*c + 3*o + 8 = 0, -4*o = -5*c - 1. Calculate g(c).
-3
Suppose 4*v = t - 17 - 2, 3*v + t = -23. Let l = 10 + v. Let f be (l/2)/(-1) - -1. Let a(n) = 3*n**3 + n**2 + 2*n + 1. Give a(f).
-3
Suppose -3*f - 2 = -8. Let o(g) = -4*g - 1. Determine o(f).
-9
Let d(t) = 1 + t**2 - 5*t - 2 + 0*t**2. Suppose -18 = 5*z + 7. Let y = z - -9. Determine d(y).
-5
Suppose -1 - 1 = -2*u. Let r be (1/1)/(u/(-4)). Let a(k) = -k**2 - 4*k - 5. What is a(r)?
-5
Suppose 2*d = 3 - 17. Let p(o) = o**3 + 7*o**2 - 2*o - 9. Determine p(d).
5
Suppose w + 1 = -1. Let f = 0 - w. Let a(h) = -h + 1. Let v(z) = z**2. Let m(u) = 2*a(u) + v(u). Calculate m(f).
2
Let d(v) = -v**2 - 2*v. Let p(x) = x**3 + x**2 + 2. Suppose -4*a - 1 + 11 = 5*k, 20 = -5*k + 2*a. Let z be p(k). Determine d(z).
0
Suppose z + 1 = -1. Let g(f) = -2*f**3 - 2*f**2 - f. Calculate g(z).
10
Let a(v) = 4*v. Let c be -4 + (-42)/(-8)*(-16)/(-12). What is a(c)?
12
Let v(m) = m**2 + 6*m. Let r(l) be the first derivative of l**2/2 - 16*l + 2. Let a be r(11). What is v(a)?
-5
Let p(q) = -22 - 2*q - 4*q + 5*q + 0*q. Give p(0).
-22
Let k(i) be the second derivative of -i**4/12 + 3*i**3/2 - 9*i**2/2 + 5*i. Determine k(7).
5
Let l be (-12)/(-18)*9/2. Let j(k) be the second derivative of -k**5/20 + k**4/3 - 5*k**3/6 + 3*k**2/2 - k. Give j(l).
-3
Let g(m) = -5*m**3 - m**2 + m. Let u be (0 - -2) + (-22)/2. Let z(j) = 3*j - 4. Let a(d) = 7*d - 8. Let y(t) = u*z(t) + 4*a(t). Let r be y(-3). Give g(r).
-5
Let s(v) = 6*v**3 + 16*v**2 - 10*v**2 - 5*v**3. Determine s(-6).
0
Let k be 2/(-6) + 10/(-15). Let n(y) = -y**2 - 3*y + 2. Let h be n(-3). Let w(z) = -2*z - 5*z**2 - 1 + h*z**2 - 6*z**2. Give w(k).
-8
Let k(s) = -5 - 3 + 4*s + 21*s**2 - s**3 - 26*s**2. What is k(-6)?
4
Let j(b) be the first derivative of 7*b + 0*b**3 - 1/4*b**4 - 3 + 1/2*b**2. Suppose -6 = 4*t - 0*x - 2*x, 2*x - 6 = -5*t. Calculate j(t).
7
Let x(p) = -p**3 - p**2 + p - 1. Suppose 0 = 4*a + 3 + 5. Give x(a).
1
Let f(z) = -z**3 + 5*z**2 + z - 7. Let s be (40/2)/(2 + -1). Suppose -s = v - 5*v. Determine f(v).
-2
Let c be (38/4 + -1)*2. Suppose -4*s - 10 = -2*f, -f - 5*s - c = f. Let i(y) = 4*y + 1. What is i(f)?
-3
Suppose 4*m - 16 = -0*m. Let s(z) = -m*z - z**2 + 5*z - 9 + 0*z. Let y be 2 + -1 - (-1 + 2). Determine s(y).
-9
Let v be 4/1 - (-7 + 5). Let o(c) = c**2 - 7*c + 9. Determine o(v).
3
Let h(n) be the first derivative of -n**5/120 - 5*n**4/24 - n**3 + 3. Let o(b) be the third derivative of h(b). Suppose -2 = c + 1. Determine o(c).
-2
Suppose -3 = 4*o + 17. Let v = 1 + o. Let f(p) = 3*p**3 - 13*p**2 + p - 5. Let c(a) = -2*a**3 + 7*a**2 - a + 2. Let k(d) = -5*c(d) - 3*f(d). Give k(v).
-3
Let k = 205/6 + -512/15. Let y(i) be the third derivative of 1/6*i**3 - i**2 + 0*i**4 - k*i**5 + 0 + 0*i. Calculate y(2).
-7
Let n(x) = 0*x - x - 145 + 151. Calculate n(12).
-6
Let a(g) = -g - 1. Let j be (-8 - -6)*(-6)/(-4). Give a(j).
2
Let p(h) be the second derivative of -h**5/10 + h**4/6 + h**3/6 + h**2 + h. Give p(2).
-4
Let t(b) = -13*b + 2. Let x(y) = 6*y - 1. Let s(p) = 2*t(p) + 5*x(p). Let r(l) = -1 + 2*l + 6 - 3*l. Let o be r(6). Give s(o).
-5
Let b(a) be the third derivative of -5/24*a**4 + 0*a + 2*a**2 + 1/6*a**3 + 0. Calculate b(1).
-4
Let w(x) = 5*x**3 - 2*x**2 + 2*x - 1. Let y be w(1). Let b(f) = 3*f + 4. Determine b(y).
16
Let w(j) = -3*j. Suppose -3*o + 4 = -5. Suppose 4*s = s + o. Give w(s).
-3
Let x(s) be the second derivative of s**3/6 + s**2/2 - 10*s. Let m = 1 + -1. Give x(m).
1
Let n(o) = -o**3 - 3*o**2 + 3*o + 1. Suppose -q + 6 = v, -5*v + 10 = -0*q + q. Suppose g - 8 = 3*m, -m + 1 = -5*g - v. Give n(m).
-8
Suppose -5*d = -9 - 1. Let i(g) = -4 - 2*g**3 + g**3 - 5*g**d + 2*g**3 + 4*g. Give i(4).
-4
Suppose -4*k = 5*x - 8 - 32, -3*k - x = -19. Let t(r) = r**2 - 5*r + 3. Determine t(k).
3
Let v(u) be the second derivative of -u**5/20 - u**4/6 - u**3/2 - u**2 + u. Let z be (1*6/(-8)*4)/1. Determine v(z).
16
Let p(x) = 3*x**3 - 7*x**2 - 4*x + 9. Let q(o) = 4*o**3 - 8*o**2 - 4*o + 10. Let m(s) = 3*p(s) - 2*q(s). What is m(5)?
-13
Let o(q) = 4*q**2 + 11*q + 8. Let w(l) = l**2 + 4*l + 3. Let b = -18 + 10. Let s(m) = b*w(m) + 3*o(m). Determine s(1).
5
Let j = 41 - 38. Let q(x) = -x + 6. Give q(j).
3
Suppose 3*u = -3*k + 27, 5*u + 4*k - 24 = 3*u. Let o(r) = -r**2 + 5*r + 6. Calculate o(u).
0
Let a(v) = v**2 + v - 1. Let n(c) = -15*c**3 - 2*c**2 - 4*c + 3. Let o(h) = 3*a(h) + n(h). Determine o(1).
-15
Let q(o) = o**3 + 4*o**2 + 3*o + 3. Let u = 11 + -13. Determine q(u).
5
Suppose 0 = o - 3 + 1. Let p(y) = 3*y**3 + 4*y**2 - 3*y - 4. Let h(d) = 8*d**3 + 12*d**2 - 9*d - 11. Let m(v) = 4*h(v) - 11*p(v). What is m(o)?
2
Let h(w) = -w**2 - 4*w - 3. Let f = -9 + 12. Let z = 12 - f. Suppose -4*o - z = c, -4*o + 2*c = o + 21. Give h(o).
0
Let f(y) = 8*y**3 - 2*y**2 - 1. Let h be f(1). Suppose -j + 17 = 3*q, j - 14 = -j - 2*q. Let b(k) = j + 3 + 2*k - k. Give b(h).
10
Let u = 19 - 19. Let w(n) = n + 6. Determine w(u).
6
Let v(f) = -10*f + 3 + 9*f - 4 + 17*f**2. Give v(-1).
17
Let k(n) = -n - 9. Suppose 3*b + 3*u + 7 = -2*b, 0 = -2*b + u + 6. Let v be 0*(b + 1)/4. What is k(v)?
-9
Let s(t) = -2 - t**2 + 6*t**3 + 1 - 5*t**3 - 2*t. Suppose -y - y - 6 = 0. Let d = y + 5. Give s(d).
-1
Suppose 0*w = 4*w + 16. Let k(q) = -q**3 - 5*q**2 - 2*q + 4. Calculate k(w).
-4
Let b = 614 - 612. Let c = -3 + 5. Let a(n) = 2*n**3 - 2*n + 3*n**c + 1 - 5*n**2 + 0. Give a(b).
5
Suppose -5*h - 18 = -2*h. Let w be (-2)/(-2 - -3) - h. Let j(i) = -i - 1. Give j(w).
-5
Let p(l) be the third derivative of -l**6/40 + l**5/15 - l**4/8 + l**3/6 - 15*l**2. Give p(2).
-13
Let x(v) be the first derivative of v**4/2 + v**3 + 3*v**2/2 - 6. Calculate x(-2).
-10
Let s(t) = t**3 + 2*t**2 - 1. Let f = 1 - 2. Give s(f).
0
Let q(p) be the second derivative of -p**4/12 + p**3/3 - 2*p**2 + 2*p. Suppose -3*s + 0 + 3 = 0, 0 = 3*y + 5*s - 14. What is q(y)?
-7
Let g(h) = 2 - 1 + h + 9*h**2 - 10*h**2 - h**3. Let y(d) = 5*d**3 + 7*d**2 - 2*d - 3. Let k(p) = -6*g(p) - y(p). Determine k(-2).
-7
Let h(k) = -5*k**3 + 8*k**2 - 12*k + 5. Let l(r) = 6*r**3 - 8*r**2 + 13*r - 6. Let v(u) = 5*h(u) + 4*l(u). Give v(7).
-6
Let h(i) be the third derivative of i**4/12 + i**2. Let g(n) = n**3 - 2*n**2 + 2*n - 2. Let r be g(2). Suppose -r*z - 4 = -a, -3 = 3*a + 3*z + 21. What is h(a)?
-8
Let l(q) be the second derivative of -q**3/3 - 11*q**2/2 + 5*q. Let z be l(-5). Let j(t) = 5*t**2 + t + 1. Determine j(z).
5
Let c(k) = -k - 8. Suppose -4*v - 30 = -2*s, 4*s - 37 + 1 = 4*v. Calculate c(v).
-2
Let w(l) = l + 3*l + 1 + 3*l - 6*l. Suppose 5*q = 3*q - 10. What is w(q)?
-4
Let o = 42 - 46. Let g(s) = -s + 1. Let h(k) = -k**2 + k - 1. Suppose 0*p = -4*p + 4. Let w(z) = p*h(z) + 3*g(z). Determine w(o).
-6
Let s(o) = -o - 2. Let j be 0 + 3 - 0/2. Suppose j*k - 5 = -3*f + 16, -f = 2*k - 19. Let p be (-15)/k*(2 - 6). Calculate s(p).
-7
Let u(d) = 6*d + 7. Let h(j) = -13*j - 14. Let w = 0 + 4. Let q(i) = w*h(i) + 9*u(i). Calculate q(-6).
-5
Suppose y - 7 = -2. Let z(c) be the second derivative of -3*c + 1/12*c**4 + 0 + 0*c**3 - 3*c**2 + 1/20*c**y. What is z(0)?
-6
Let d(z) = -2*z - 3. Let h be d(-2). Let t be -2*(h - 2)*-2. Let a(v) = -v**3 - 4*v**2 + 2*v + 6. Determine a(t).
-2
Let g = -48 + 44. Let p be (-12)/(-5) - (-2)/(-5). Let s(t) = -3*t**2 - p + 4 + 0*t**2 - t**3 + 3*t. Calculate s(g).
6
Let x = 4 + -3. Let n(p) = 5*p**2 + 2*p - 1. Calculate n(x).
6
Let q(c) = 17*c**2 - 14*c. Let v(o) = 8*o**2 - 7*o. Let z(s) = 6*q(s) - 13*v(s). What is z(5)?
-15
Let g(i) = 0*i - 2*i + 5 - 1. Let n = -4 - -10. Suppose -3*w = 3*t - 0*t, -3*t = 5*w + n. Determine g(t).
-2
Let u(c) = 4*c**2 + 4*c + 3. Let o(r) = -3*r**2 - 5*r - 2. Let h(v) = 3*o(v) + 2*u(v). Determine h(-5).
10
Suppose -8 = -6*w + 2*w. Suppose -5*r + 5*x = -w + 27, 3*x + 9 = -5*r. Let k(d) = d**3 + 2*d**2 - 5*d - 4. Give k(r).
2
Let b(v) be the second derivative of -v**5/20 - v**4/4 + 2*v**3/3 + 3*v**2/2 + 2*v. Determine b(-4).
3
Let l(x) be the first derivative of -1/4*x**4 - x**2 + x**3 - 1 + x. Suppose -2 = -0*f - 2*f. What is l(f)?
1
Let m(h) = 4*h - 50 + 23 + h**2 + 22. Give m(-5).
0
Let x = -2 + 3. Let p(m) = -m**2 + 4*m - 3. Let k(i) = 10*i + 3. Let q(y) = 3*y + 1. Let j(h) = 